1).
8
Let r(o) = -o + 6. Suppose -21 = 3*t + 5*q, -3*t - 2*q = -4*q. Let l = -3 + 1. Let w = l - t. Determine r(w).
6
Let z(o) = -2*o**2 - 3. Let h(w) = -1. Let t(s) = 4*h(s) - z(s). Let a(m) = -5*m**2 + 5 - 1 + m**3 - 2*m**2 + 5*m. Let p be a(6). What is t(p)?
7
Let h(z) = 3*z**2 - 2*z - 5. Let t(r) = r**2 - r. Let s(d) = h(d) - 2*t(d). Let p be (-7 - -2)/(1/2). Let f(x) = -1. Let w(y) = p*f(y) + 2*s(y). Give w(1).
2
Let s(b) = -b - 2. Let u be s(-3). Suppose -u = -f + 4. Let i(y) = -y + 13. Let d(p) = p - 14. Let r(n) = 6*d(n) + 7*i(n). Determine r(f).
2
Let b(i) = -15*i + 1. Let t = -60 - -61. What is b(t)?
-14
Let g(n) = n**3 - 7*n**2 + 7*n - 9. Suppose 6*c = 4*c + 2*o + 12, 5*c + 5*o = 30. Calculate g(c).
-3
Let v(x) = -7*x**2 - 1 + 2*x**3 - 16*x + 23*x - x**3. What is v(6)?
5
Let m(b) = -b**2 + 11*b - 7. Let v be m(11). Let o(g) = g**2 + 7*g - 5. Give o(v).
-5
Let j(v) = -2*v**3 + 2*v**2 - 3*v + 2. Let c(z) = 3*z**3 + z**2 - 2*z. Let a be c(1). Give j(a).
-12
Let r(d) be the third derivative of -d**5/120 + d**4/24 - d**3/6 + d**2. Let y(z) be the first derivative of r(z). Suppose 3*f = 8*f + 20. Give y(f).
5
Let d(s) = -s**2 - 2*s + 1. Suppose -4*o = 3 - 7. Calculate d(o).
-2
Suppose 5*u = -0*u. Suppose 8*l - 7*l - 2 = u. Let p(y) = l*y + 14*y**3 + 1 - 2 + 4*y**2 - 12*y**3. Give p(-2).
-5
Let y(z) = -3*z**3 + 2*z**2 + 2*z. Let o(i) = -i**3 - 2*i**2 + i. Let b be o(-3). Let q be 6/(-2) + b + -1. Give y(q).
-12
Let d(o) = -o**3 - 5416*o**2 + 4*o + 5414*o**2 - 4 + 3. Give d(-3).
-4
Let p(w) = w - w + w - 10. Let y = 6 - 1. What is p(y)?
-5
Let r(g) = g + 2. Let i(j) = -3*j**3 - j**2 + 2*j - 1. Let d be i(1). What is r(d)?
-1
Suppose -5*f - 14 = -4. Let y(o) = -3*o**3 - o**2 - 2*o + 4. Let p(q) = -2*q**3 - q**2 - q + 2. Let k(s) = 5*p(s) - 3*y(s). Determine k(f).
-4
Let t(i) be the first derivative of i**5/20 - i**4/6 - i**3/6 - i**2/2 + i + 1. Let w(q) be the first derivative of t(q). Let d be 4/2 + (-1 - -2). Give w(d).
5
Let k(s) = s - 11. Let y be 1/((-5)/220*-4). Determine k(y).
0
Let c(g) = g**2 - 3*g - 7. Let i(j) = -j**2 - 6*j + 1. Let l be i(-5). What is c(l)?
11
Let q(h) be the first derivative of -3*h**2/2 + 8. Determine q(1).
-3
Suppose -3*y + 3 - 1 = 2*m, 0 = -y + 5*m - 5. Suppose y = -3*h - 0*h + 9. Suppose 2 = -h*v + v. Let g(o) = -o**2 - 2*o - 1. Calculate g(v).
0
Let r(x) = -x**3 + 9*x**2 - 9. Suppose -3*h + 39 = 5*u, 0 = -13*u + 11*u + 2*h + 22. Give r(u).
-9
Let l(w) = w**2 + 3*w + 6. Let d(m) = m**2 + 4*m + 5. Let r(o) = 3*d(o) - 2*l(o). Suppose 8*j - 3*j = -25. Give r(j).
-2
Suppose 2*b = 3*b + 2. Let i(z) = -z**2 - z - 1. Let h(s) = -4*s**2 - 7*s - 6. Let l(j) = h(j) - 3*i(j). What is l(b)?
1
Suppose 3 + 2 = -5*w, 3 = -5*b + 2*w. Let u(g) = -7*g - 1. Give u(b).
6
Let o(h) = h**2 - 13*h + 10. Let c be o(12). Let d(w) = 3*w**2 + 4*w + 3. Determine d(c).
7
Let d(k) = k**2 - 7*k + 3. Suppose 8*o - 45 = -5. Determine d(o).
-7
Suppose 2*r - 4*r = -14. Let w = r - 10. Let l(c) be the third derivative of -c**4/24 - c**3/2 - 32*c**2. What is l(w)?
0
Let k(a) = -a. Let s be k(0). Let f(d) = -d - 1. Calculate f(s).
-1
Let r be (-1 + 3/1)/(-2). Let j(f) = -5*f**2 - 1 + 4*f - 5*f**2 - 5*f. Calculate j(r).
-10
Let f(i) be the third derivative of -i**5/60 + i**4/6 + i**3 + i**2. Let u be f(6). Let n(j) = j**3 + 7*j**2 + 7*j + 4. Calculate n(u).
-2
Let y(r) = -r + 3. Let g be 1 + 2 + -2 + 2. Let x be y(g). Suppose x*v + v = 0. Let n(k) = -k - 1. What is n(v)?
-1
Let t(y) = -y. Suppose o - 4 = -1. Let v be t(o). Let x(s) = -s**2 - 2*s + 1. Calculate x(v).
-2
Let m = -10 + 4. Let q(s) = -s**2 - 6*s + 2. Give q(m).
2
Let h = -43 - -45. Let o(k) = -3*k**2 - 2*k - 5. Let x(j) = -j - j**2 - j - 6 - 3*j**2. Let b(v) = 7*o(v) - 6*x(v). Determine b(h).
9
Let x(h) = h**2 - 11*h + 2. Let u be x(11). Let m(f) = f**3 - 2*f**2 + f. Give m(u).
2
Let i(h) be the first derivative of 7*h**3/3 - h**2/2 - 1. Let k(d) = -14*d - 111. Let b be k(-8). Give i(b).
6
Let n = -12 + 16. Let y(g) be the third derivative of 0 - g**2 - 1/6*g**3 - 5/24*g**n + 0*g. Give y(-1).
4
Let i(n) = -3*n**3 - 10*n**2 - 4. Let j(o) = o**2 - 7*o - 3. Let v be j(8). Let c(b) = -4*b**3 - 11*b**2 - b - 4. Let w(a) = v*i(a) - 4*c(a). Give w(5).
-9
Suppose g + 3*o + o = 22, -2*g = 3*o - 19. Let x(u) = -u**3 - 3*u**2 + u - 1. Calculate x(g).
-19
Let f(r) = -r**2 + 4*r - 3. Suppose 4 = y + 2*z - 15, 2*y = -5*z + 36. Suppose 4*h + 7 = y. What is f(h)?
-3
Let t(x) = -3*x - x**2 - 2 + 3 + 1. Let p be 36/8*32/6. Let k be (p/9 + -3)*15. Give t(k).
-8
Let l(n) = 2*n**2 + 2*n - 1. Let x = 54 + -52. Give l(x).
11
Let t(a) = -14*a**3 - 2*a**2 + a. Suppose 4*k + 5*m = -1, 9 = 5*k - 2*m + 2. Calculate t(k).
-15
Let n(z) = z**3 + 3*z**2 - 2*z - 2. Let i = -6 + 3. Let r be n(i). Let q(t) = 0*t + t**2 - r - 2*t + 2. Calculate q(4).
6
Let i be 9/(-27) + (-10)/(-12). Let q(a) be the first derivative of -3 + i*a**2 + 11*a. What is q(-5)?
6
Suppose t + 0*t + 4 = 0. Let h(p) = p**2 + 2*p. Let n be h(-3). Let u(o) = 7*o + 5*o**2 + 1 + 5 - 2*o**n + 3*o**3. What is u(t)?
-6
Let r(w) = -2*w - 1. Suppose -2*l = -4*s + 2*s - 6, 0 = -l + 5*s + 3. Suppose -22 + 1 = l*b. Let t = b + 11. What is r(t)?
-9
Let c(p) = -p + 1. Suppose 3*m + 3*x - 18 = 0, 4*m - 19 = -x + 2*x. Suppose 0 = -m*i + 16 - 1, 5*i = u + 18. Give c(u).
4
Let i(s) be the first derivative of s**3/3 + 2*s**2 + 2*s - 67. Calculate i(-4).
2
Suppose 8*r - 3*r = u - 23, 22 = -4*r + 2*u. Let t(q) = q**2 + q - 2. What is t(r)?
10
Suppose -5*f = -3*v - 12, 0*f - 2*f - v = 4. Let s(i) be the second derivative of -i**4/12 + i**3/6 - i**2/2 - 3*i. Determine s(f).
-1
Suppose 4*r + r = 20. Let h(c) = c**2 - 5. Give h(r).
11
Let y(g) = g**3 + 3*g**2 + 7*g + 2. Let d(t) = 2*t**3 + 5*t**2 + 15*t + 3. Let x(l) = 2*d(l) - 5*y(l). Give x(-4).
0
Let k(i) be the third derivative of 0 + 0*i**3 + 0*i + 5/24*i**4 + 3*i**2. What is k(1)?
5
Let w(c) = c**3 + 2*c**2 + c + 1. Let x(u) = -u - 7. Let j be x(-5). Give w(j).
-1
Let v(q) = -q**2 + 5*q. Let j(c) = 4*c**2 + 3*c - 2. Suppose -7 = -4*t - 3. Let m be j(t). Calculate v(m).
0
Let r(k) = -k**3 + 5*k**2 + 8*k - 8. Let q be r(6). Let v(h) = -h + 1. What is v(q)?
-3
Let i(q) = -1 - 7*q**2 + 27*q**3 - 58*q**3 + 6*q + 32*q**3. Determine i(6).
-1
Let p(w) = -2*w**2 + w**2 - 4 - w - 3*w. Let t(l) = -l**3 + 6*l**2 + 6*l + 5. Let z be t(7). Let m be ((-4 - z) + 6)/(-1). Determine p(m).
-4
Let j(l) be the first derivative of 4*l**3/3 - 2*l**2 + 8*l - 2. Let y(a) = -11*a**2 + 13*a - 23. Let m(k) = -8*j(k) - 3*y(k). Give m(4).
-7
Let x(f) = -f**2 - 1. Let c(m) = -m + 1. Let q be c(6). Let r(v) = -6*v**2 + 4*v - 1. Let g(y) = q*x(y) + r(y). Determine g(5).
-1
Let u(x) = -2*x**3 - x. Let m be u(-1). Suppose 0 - m = -j. Let t(l) = -4*l**2 + l**2 - 2 - 3*l + l - l**j. Give t(-3).
4
Suppose 4*g - 2 = 2*g. Let u be g - -2 - (7 + -5). Let n(j) = -20*j + u + 7*j**2 + 20*j. Give n(-1).
8
Let a(p) = p - 4. Let o = -1 + 5. Suppose 3*y - 25 = o*c, c + 7*y - 11 = 2*y. Give a(c).
-8
Let v(t) = t + 6. Let h be v(0). Let g(y) be the second derivative of -y**5/20 + 5*y**4/12 + 5*y**3/6 - 2*y**2 - y. What is g(h)?
-10
Let b(o) = -o**2 - 4*o - 5. Let h = 6 + -8. Calculate b(h).
-1
Suppose -5*g + 7 = -18. Let i(a) = a**2 - 5*a + 2. Determine i(g).
2
Let x(k) be the second derivative of 3*k**5/10 - k**3/6 + 7*k. Let b = -2 - -1. Calculate x(b).
-5
Let f = -5 - -10. Suppose -k + 4*n - 9 = 0, 0 = 4*k - k + f*n + 10. Let o(d) = -2*d - 7. Give o(k).
3
Let a(r) = 1. Let i(g) = 2*g - 8. Let k(d) = 6*a(d) + i(d). Give k(-3).
-8
Let b = 10 - 5. Let v(h) be the second derivative of -h**5/20 + h**4/2 - h**3 - h**2/2 - 253*h. Determine v(b).
-6
Suppose -1 = 2*s + 1. Let w(g) = 10*g**3 - g**2 - g - 7. Let k(i) = -i**3 + 1. Let j(t) = s*w(t) - 6*k(t). What is j(-1)?
5
Let z(p) = -p**2 - 2*p + 1. Suppose -5*b + 5*t + 5 = 0, -3*t - 8 = -b + 3. Let j(y) = -y**2 - 5*y - 2. Let h be j(b). Give z(h).
-7
Let c(r) = -r**3 + r**2 + 2. Let g = -9 - -11. What is c(g)?
-2
Suppose -2*a = 3*a - 10. Let o(h) = -2*h**2 - h + 2 - 2*h**2 + 2*h**a. Give o(2).
-8
Let l(h) = h**2 - 4. Suppose -w - 2*n - n - 6 = 0, -2*w - 4 = -2*n. Calculate l(w).
5
Let b(t) = -2*t**2 + 3*t. Let i be 2/4*(15 - -1). Let y(m) = m**3 - 9*m**2 + 7*m + 10. Let o be y(i). Calculate b(o).
-2
Let k(y) = -4*y